 Is x(h) composite?
False
Let i(a) = -22*a + 11. Let d be i(-7). Suppose -2*w + 57 + 53 = 4*u, -3*w = 4*u - d. Is w a composite number?
True
Suppose -4248 = 11*f - 3*f. Let t = f - -928. Is t composite?
False
Let r(s) be the first derivative of 371*s**2/2 + 28*s + 27. Is r(3) prime?
False
Let v be 4 + (4 - 7)*-34. Let j = 95 + v. Suppose 216 = t - 5*y, 0*y + 2*y = t - j. Is t a prime number?
True
Suppose 63 - 1837 = -2*m. Let y = m - 630. Is y prime?
True
Suppose -n - l = 11, 0*n - 4*n + 4*l - 76 = 0. Let z be (-25)/n - 2/(-6). Is (z/1)/(2/149) a prime number?
True
Suppose m = -4*o - 3*m, 10 = -o - 3*m. Suppose -3*h = 3*x - 546, -896 = -o*x - 0*h + 2*h. Let d = x - 61. Is d a prime number?
False
Let x(f) = -14*f**3 + 3*f**2 + 4*f + 6. Let n be x(-2). Suppose 0 = -2*y + y + 131. Let w = n + y. Is w prime?
False
Let d(l) = 946*l**2 - 4*l + 9. Is d(-4) composite?
False
Let l(d) = -2*d - 1. Let t be l(-5). Let m be 0 + (0 - -19*t). Let v = m - 82. Is v prime?
True
Suppose 2904316 = 73*h - 2255543. Is h composite?
True
Is 71070/85 + 3 + 10/(-85) prime?
True
Let z be (-4)/38 - (-72)/(-38). Let m(c) = -c**3 - 3*c**2 - c + 3. Let n be m(z). Is 66 + (1 - 6) + n prime?
False
Let l(g) = -g**2 + 17*g - 21. Let s be l(15). Let a(b) = -b**3 + 4*b**2 + 6*b. Let q be a(5). Suppose y - 44 - 23 = -q*h, 0 = -3*y - s. Is h composite?
True
Let k(o) = o**3 + o**2 - o + 1. Let w be k(1). Let i(s) = -4*s**2 + 3*s - 2. Let t be i(w). Let g = 70 - t. Is g a prime number?
False
Let c(x) = 5*x**3 - 2*x**2 + 1. Let t be c(1). Suppose -t*y = 3*k - 2*y - 8, 4*k - 2*y = -8. Suppose 0 = -k*p + 4*p - 1228. Is p a prime number?
True
Suppose 240*w = 249*w - 60111. Is w a composite number?
False
Let k(o) = 6*o**2 - 4*o - 15. Let l(t) = t**2 + 5*t - 3. Let f be l(-7). Is k(f) composite?
True
Suppose 3*h + 21 = -45. Let q be h/121 + (-174)/11. Let f(d) = 2*d**2 + 20*d + 19. Is f(q) a prime number?
True
Suppose 85 + 266 = -27*o. Let t(j) be the second derivative of -25*j**3/3 - j**2/2 - j. Is t(o) a composite number?
True
Let s be (5/((-50)/4))/(26/65). Is s + 2/(-1) + 416 a prime number?
False
Suppose 30*b - 12 = 27*b. Suppose 7*l - 2267 = b*l + 4*f, 0 = 2*l + f - 1515. Is l prime?
True
Let z(p) = -147*p + 394. Is z(-16) a composite number?
True
Let o be (9 - 10)/(2/4). Is -1 + o - (5 - 61) composite?
False
Let c = 11 + 17. Let v = 37 - c. Is v prime?
False
Suppose 8 = -3*d - 127. Let w = d - -250. Suppose 397 = 2*n - w. Is n prime?
False
Let w be 2*(4 + -2 + 0). Suppose -4*z = -2*r - 2156, -w*z = -r + 461 - 2621. Is z a prime number?
True
Suppose 2*i = -4*o + 13654, i + 5923 = 2*o - 910. Is o composite?
True
Let g be 10/20 + 11/2. Suppose -g = 4*a - 6*a. Is a/(-1) + 305 - 1 composite?
True
Let k(o) = 62*o**3 - 6*o**2 + 2*o + 17. Is k(5) a prime number?
False
Let q be 531*16/12 - -2. Let a = q + -278. Suppose 4*j = -5*w - 34 + a, 289 = 3*j - w. Is j prime?
True
Let s(o) = -2*o + 8 + 4*o - 5 + 2. Let i be s(-3). Is (-838)/(-6)*(-3)/i a prime number?
True
Is 218243/7 + 30/315*-6 composite?
False
Let j(q) = -q**3 - 5*q**2 - 4*q - 5. Let l be j(-4). Is 3 - 3 - (l + -1352) a prime number?
False
Let n be (24*2)/4 - 4. Suppose 2*p + n - 4 = 0, -2*p - 545 = -a. Is a a prime number?
True
Suppose 4*d = -0*d + 848. Let m = -123 + d. Is m prime?
True
Let v = 166 + -251. Suppose -5*m - 6*k = -2*k + 754, -3*m + 4*k - 446 = 0. Let i = v - m. Is i prime?
False
Let y(i) = 25*i**2 + 3*i + 3. Suppose -2*t = 2*h + 3 + 3, 3*h + t = -5. Let z = h + -1. Is y(z) a prime number?
True
Suppose -3*k - 5*r - 2204 = 0, -k - 1128 + 398 = -3*r. Let s = k + 2376. Is s composite?
True
Suppose -2*a - 46865 = -3*o, 16*a = 4*o + 15*a - 62480. Is o a composite number?
False
Suppose 6*h = h - 130. Let b = 26 + h. Suppose -899 = -b*o - 2*o + 5*n, 0 = -2*o - 3*n + 923. Is o prime?
True
Let x(p) = 1028*p**2 + 15*p - 16. Is x(1) prime?
False
Let j = 27 + -21. Let u(z) = 26*z**2 - 6*z - 11. Is u(j) a prime number?
False
Suppose 0 = 2*k + 3*j + 31, 0 = -3*k + 9*j - 12*j - 51. Suppose n - 5 = -0. Is ((-488)/k)/(n/25) prime?
False
Let h = -1530 + 616. Let w = -357 - h. Is w a composite number?
False
Suppose 4*x = -z + 25, 3*x + 5*z = -0*x + 23. Suppose 3*v = b + x + 170, v - 3*b = 72. Is v prime?
False
Let h(s) = -3 - s**3 + 16*s**2 + 3*s - 7*s + 27. Is h(13) a composite number?
False
Let x = -34 + 35. Is x*4 - 4180/(-4) composite?
False
Let p = 3 + 4. Let v(y) = -1 + 8 - 15 - 9 + 6*y. Is v(p) a prime number?
False
Suppose -z = 2*z. Let c be 0/(-3)*-4*(-2)/16. Suppose -2*v + c*v + 230 = z. Is v composite?
True
Suppose -503787 + 101918 = -13*z. Is z a composite number?
True
Let b = 31 - -88. Is b composite?
True
Let c(r) = -6*r - 21. Let p be c(-7). Is 12/p + (-3097)/(-7) a composite number?
False
Let h(g) = g**3 - g**2 - g + 440. Let r be h(0). Is -1 - (1 + -3) - r/(-4) a composite number?
True
Let g = -154 - 114. Let n = g - -575. Is n composite?
False
Let q = -81 + 85. Suppose -4*r - 377 = -3*m, -5*m + q*r = r - 621. Is m a composite number?
True
Suppose 0 = 17*n - 0 - 34. Is (-2 + -1149)/(n*(-2)/20) prime?
False
Let g = 10 - 7. Let h = 5 - g. Suppose -3*q - 128 = -3*t + t, 130 = 2*t - h*q. Is t composite?
False
Let m be (-1)/((-10)/(-3) + 3/(-1)). Let s(k) = -45*k**3 + 2*k - 2. Is s(m) a prime number?
False
Let i(s) = 304*s**2 - 5*s - 71. Is i(-6) a prime number?
True
Suppose -3*l - 5*f = -3*f - 5501, 5509 = 3*l + 4*f. Is l composite?
False
Let q(a) = a**2 - 17*a + 19. Let l be q(16). Suppose -g + 4*g + l*j = 822, 2*g - 3*j = 548. Is g composite?
True
Let j(a) = 5*a**2. Let u be j(1). Suppose u*f - f + 347 = 5*o, 3*f = 2*o - 136. Let b = o + 74. Is b a composite number?
True
Suppose 7*t = t. Suppose t = -3*f + 1933 + 734. Is f a composite number?
True
Suppose 2*r + 3*k = 2996, -5*r + 2*k - 1691 = -9200. Is r a prime number?
False
Suppose 3*j + 2*j + 2 = -3*y, 0 = 2*y - 2*j - 4. Is (0 + (-5)/10)*-314*y a composite number?
False
Suppose -10*f = -14*f + 24. Suppose f*h - 5*h = 1229. Is h a prime number?
True
Let x(j) = -j**2 + 15*j + 1. Let w be x(11). Is ((-30)/w)/(2/(-4011)) prime?
False
Let h = -1881 + 2678. Is h prime?
True
Suppose 0 = -0*r + 4*r - 3*r. Suppose 4*k - 913 - 1779 = r. Is k a prime number?
True
Let m = 168 + -301. Let u = 94 + m. Let p = 74 + u. Is p prime?
False
Let y be -4 + -4 + 18 + 2. Is 10835/22 - (-2)/(y/(-9)) a prime number?
True
Suppose -r + 4*h = -307, 4*r + 2*h - 1266 = -h. Let s = r + -155. Let i = s - 77. Is i composite?
False
Let i(c) = -586*c**3 - 2*c**2 - c - 14. Is i(-3) a composite number?
True
Suppose 11*s = -3*g + 7*s + 74191, -123690 = -5*g + s. Is g a composite number?
True
Suppose 4 = p + 3*l + 2, 4*l = 3*p - 6. Suppose 4345 = p*s - 7217. Suppose 2246 - s = -5*n. Is n composite?
True
Suppose 2 + 3 = 4*t - l, 4*t + l = 11. Suppose -t*q + 5*q = c + 2018, q + c = 674. Is q composite?
False
Let v be 5*(-3)/(30/(-8)). Suppose -k - 288 = -5*n, -v*n + 2*n - 813 = 3*k. Let x = -124 - k. Is x composite?
False
Suppose 0 = -4*t + 3685 - 113. Suppose -6*l + l + h = -t, -5*l - 3*h + 901 = 0. Is l a prime number?
True
Let i = 1090 + -1163. Suppose 0 = 5*x + 365 - 1545. Let u = i + x. Is u a prime number?
True
Let r = 2869 + -1921. Suppose o = -3*o + r. Is o composite?
True
Suppose 0 = s - 5*s + 88. Let p(x) = -2*x - 4*x + s + 4*x**2 - 10. Is p(5) prime?
False
Let m(h) = 4*h**3 - h**2 + 2*h - 1. Suppose -5*o + 4*o + 3 = 0. Suppose -6 = o*v - 6*v. Is m(v) a composite number?
False
Suppose 8*v = 940 + 1708. Is v a composite number?
False
Let n(l) = 402*l**2 + 24*l + 7. Is n(4) prime?
False
Let x(u) = -66*u**3 - 3*u**2 + 6*u - 2. Let y be x(2). Let p = y - -1029. Is p a prime number?
True
Suppose 0 = -23*q - 11*q + 1272246. Is q a composite number?
True
Suppose 4*l - 37 = 39. Suppose -l*c + 1534 = -17*c. Is c composite?
True
Let w(c) = -288*c + 35. Let a be w(-11). Suppose 2*f = f + a. Is f composite?
False
Let g(p) = 19*p**2 + 16*p + 10. Let l be g(-14). Let k be 2/10 + l/(-50). Is (1 - k)*(-7 - -9) a composite number?
True
Suppose -2*l = -o - 90, -59 = -l - o + 5*o. Suppose l = -3*k - 395. Let f = -72 - k. Is f a composite number?
True
Let g(v) = 13*v + 9. Suppose 4*c - 50 = -3*i, -4*c + 54 = -0*c + i. Is g(c) a composite number?
False
Let q(p) = 5171*p - 24. Is q(1) composite?
False
Let w(z) = 53*